{"id":17,"date":"2017-02-23T11:35:15","date_gmt":"2017-02-23T11:35:15","guid":{"rendered":"http:\/\/new.ewt.al\/?page_id=17"},"modified":"2025-10-07T09:47:35","modified_gmt":"2025-10-07T09:47:35","slug":"referenca-projekte","status":"publish","type":"page","link":"https:\/\/ewt.al\/index.php\/referenca-projekte\/","title":{"rendered":"Referenca-Projekte"},"content":{"rendered":"<div class=\"wpb-content-wrapper\"><p>[vc_row type=&#8221;vc_default&#8221; css=&#8221;.vc_custom_1487864473651{background-color: #ffffff !important;}&#8221;][vc_column][vc_row_inner][vc_column_inner width=&#8221;1\/2&#8243;][vc_single_image image=&#8221;50&#8243; img_size=&#8221;520&#215;350&#8243;][\/vc_column_inner][vc_column_inner width=&#8221;1\/2&#8243;][vc_custom_heading text=&#8221;TIRANA BUSINESS PARK&#8221; font_container=&#8221;tag:h3|text_align:left|color:%231e73be&#8221; google_fonts=&#8221;font_family:Open%20Sans%3A300%2C300italic%2Cregular%2Citalic%2C600%2C600italic%2C700%2C700italic%2C800%2C800italic|font_style:400%20regular%3A400%3Anormal&#8221;][vc_empty_space height=&#8221;12&#8243;][vc_column_text]Impiant i Trajtimit te Ujit<br \/>\nTirane &#8211;\u00a0Shqiperi<br \/>\nHeqja e hekurit dhe magnezit\u00a0-Filtrim \u2013 Zbutje\u00a0&#8211; Dezinfektim<br \/>\n<strong>Viti i Ndertimi:<\/strong>2015[\/vc_column_text][vc_empty_space height=&#8221;12&#8243;][vc_btn title=&#8221;Informacion i Detajuar per Projektin (PDF)&#8221; style=&#8221;outline&#8221; color=&#8221;primary&#8221;][\/vc_column_inner][\/vc_row_inner][vc_row_inner][vc_column_inner width=&#8221;1\/2&#8243;][vc_single_image image=&#8221;47&#8243; img_size=&#8221;520&#215;350&#8243;][\/vc_column_inner][vc_column_inner width=&#8221;1\/2&#8243;][vc_custom_heading text=&#8221;BEST WESTERN HOTEL&#8221; font_container=&#8221;tag:h3|text_align:left|color:%231e73be&#8221; google_fonts=&#8221;font_family:Open%20Sans%3A300%2C300italic%2Cregular%2Citalic%2C600%2C600italic%2C700%2C700italic%2C800%2C800italic|font_style:400%20regular%3A400%3Anormal&#8221;][vc_empty_space height=&#8221;12&#8243;][vc_column_text]Impiant i Trajtimit te Ujit<br \/>\nTirane &#8211;\u00a0Shqiperi<br \/>\nHeqja e hekurit-Filtrim \u2013 Zbutje\u00a0&#8211; Dezinfektim<br \/>\n<strong>Viti Ndertimi:<\/strong>2013[\/vc_column_text][vc_empty_space height=&#8221;12&#8243;][vc_btn title=&#8221;Informacion i Detajuar per Projektin (PDF)&#8221; style=&#8221;outline&#8221; color=&#8221;primary&#8221;][\/vc_column_inner][\/vc_row_inner][vc_row_inner][vc_column_inner width=&#8221;1\/2&#8243;][vc_single_image image=&#8221;46&#8243; img_size=&#8221;520&#215;350&#8243;][\/vc_column_inner][vc_column_inner width=&#8221;1\/2&#8243;][vc_custom_heading text=&#8221;TIRANA INTERNATIONAL HOTEL&#8221; font_container=&#8221;tag:h3|text_align:left|color:%231e73be&#8221; google_fonts=&#8221;font_family:Open%20Sans%3A300%2C300italic%2Cregular%2Citalic%2C600%2C600italic%2C700%2C700italic%2C800%2C800italic|font_style:400%20regular%3A400%3Anormal&#8221;][vc_empty_space height=&#8221;12&#8243;][vc_column_text]Impiant i\u00a0Trajtimit te Ujit<br \/>\nTirane &#8211;\u00a0Shqiperi<br \/>\n&#8211;\u00a0Zbutje\u00a0&#8211;<br \/>\n<strong>Viti Ndertimi:<\/strong>2014[\/vc_column_text][vc_empty_space height=&#8221;12&#8243;][vc_btn title=&#8221;Informacion i Detajuar per Projektin (PDF)&#8221; style=&#8221;outline&#8221; color=&#8221;primary&#8221;][\/vc_column_inner][\/vc_row_inner][vc_row_inner][vc_column_inner width=&#8221;1\/2&#8243;][vc_single_image image=&#8221;48&#8243; img_size=&#8221;520&#215;350&#8243;][\/vc_column_inner][vc_column_inner width=&#8221;1\/2&#8243;][vc_custom_heading text=&#8221;KISHA KATOLIKE SHEN GJERGJIT&#8221; font_container=&#8221;tag:h3|text_align:left|color:%231e73be&#8221; google_fonts=&#8221;font_family:Open%20Sans%3A300%2C300italic%2Cregular%2Citalic%2C600%2C600italic%2C700%2C700italic%2C800%2C800italic|font_style:400%20regular%3A400%3Anormal&#8221;][vc_empty_space height=&#8221;12&#8243;][vc_column_text]Impiant i Trajtimit te Ujit<br \/>\nDurres\u00a0&#8211;\u00a0Shqiperi<br \/>\nDezinfektim &#8211;\u00a0Zbutje<br \/>\n<strong>Viti i Ndertimit:<\/strong>2015[\/vc_column_text][vc_empty_space height=&#8221;12&#8243;][vc_btn title=&#8221;Informacion i Detajuar per Projektin (PDF)&#8221; style=&#8221;outline&#8221; color=&#8221;primary&#8221;][\/vc_column_inner][\/vc_row_inner][vc_row_inner][vc_column_inner width=&#8221;1\/2&#8243;][vc_single_image image=&#8221;49&#8243; img_size=&#8221;520&#215;350&#8243;][\/vc_column_inner][vc_column_inner width=&#8221;1\/2&#8243;][vc_custom_heading text=&#8221;SICPA SHPK&#8221; font_container=&#8221;tag:h3|text_align:left|color:%231e73be&#8221; google_fonts=&#8221;font_family:Open%20Sans%3A300%2C300italic%2Cregular%2Citalic%2C600%2C600italic%2C700%2C700italic%2C800%2C800italic|font_style:400%20regular%3A400%3Anormal&#8221;][vc_empty_space height=&#8221;12&#8243;][vc_column_text]Impiant i Trajtimit te Ujit<br \/>\nTirane &#8211;\u00a0Shqiperi<br \/>\nDezinfektim \u2013 Zbutje\u00a0-Heqja e amoniakut dhe hekurit<br \/>\n<strong>Viti i Ndertimit:<\/strong>2014[\/vc_column_text][vc_empty_space height=&#8221;12&#8243;][vc_btn title=&#8221;Informacion i Detajuar per Projektin (PDF)&#8221; style=&#8221;outline&#8221; color=&#8221;primary&#8221;][\/vc_column_inner][\/vc_row_inner][\/vc_column][\/vc_row]<\/p>\n<\/div>","protected":false},"excerpt":{"rendered":"<p>[vc_row type=&#8221;vc_default&#8221; css=&#8221;.vc_custom_1487864473651{background-color: #ffffff !important;}&#8221;][vc_column][vc_row_inner][vc_column_inner width=&#8221;1\/2&#8243;][vc_single_image image=&#8221;50&#8243; img_size=&#8221;520&#215;350&#8243;][\/vc_column_inner][vc_column_inner width=&#8221;1\/2&#8243;][vc_custom_heading text=&#8221;TIRANA BUSINESS PARK&#8221; font_container=&#8221;tag:h3|text_align:left|color:%231e73be&#8221; google_fonts=&#8221;font_family:Open%20Sans%3A300%2C300italic%2Cregular%2Citalic%2C600%2C600italic%2C700%2C700italic%2C800%2C800italic|font_style:400%20regular%3A400%3Anormal&#8221;][vc_empty_space height=&#8221;12&#8243;][vc_column_text]Impiant i Trajtimit te Ujit Tirane &#8211;\u00a0Shqiperi Heqja e hekurit dhe magnezit\u00a0-Filtrim \u2013 Zbutje\u00a0&#8211; Dezinfektim Viti i Ndertimi:2015[\/vc_column_text][vc_empty_space height=&#8221;12&#8243;][vc_btn title=&#8221;Informacion i Detajuar per Projektin (PDF)&#8221; style=&#8221;outline&#8221; color=&#8221;primary&#8221;][\/vc_column_inner][\/vc_row_inner][vc_row_inner][vc_column_inner width=&#8221;1\/2&#8243;][vc_single_image image=&#8221;47&#8243; img_size=&#8221;520&#215;350&#8243;][\/vc_column_inner][vc_column_inner width=&#8221;1\/2&#8243;][vc_custom_heading text=&#8221;BEST WESTERN HOTEL&#8221; font_container=&#8221;tag:h3|text_align:left|color:%231e73be&#8221; google_fonts=&#8221;font_family:Open%20Sans%3A300%2C300italic%2Cregular%2Citalic%2C600%2C600italic%2C700%2C700italic%2C800%2C800italic|font_style:400%20regular%3A400%3Anormal&#8221;][vc_empty_space height=&#8221;12&#8243;][vc_column_text]Impiant i Trajtimit te Ujit&hellip;<\/p>\n","protected":false},"author":2,"featured_media":0,"parent":0,"menu_order":0,"comment_status":"closed","ping_status":"closed","template":"","meta":{"footnotes":""},"class_list":["post-17","page","type-page","status-publish","hentry","description-off"],"yoast_head":"<!-- This site is optimized with the Yoast SEO plugin v26.7 - https:\/\/yoast.com\/wordpress\/plugins\/seo\/ -->\n<title>EWT \u2013 Zgjidhje Profesionale p\u00ebr Trajtimin e Ujit n\u00eb Shqip\u00ebri<\/title>\n<meta name=\"description\" content=\"Zbuloni projektet dhe referencat tona n\u00eb trajtimin e ujit n\u00eb Shqip\u00ebri. EWT ka realizuar zgjidhje profesionale p\u00ebr institucione publike, industri, hotele dhe rezidenca private me teknologji evropiane.\" \/>\n<meta name=\"robots\" content=\"index, follow, max-snippet:-1, max-image-preview:large, max-video-preview:-1\" \/>\n<link rel=\"canonical\" href=\"https:\/\/ewt.al\/index.php\/referenca-projekte\/\" \/>\n<meta property=\"og:locale\" content=\"sq_AL\" \/>\n<meta property=\"og:type\" content=\"article\" \/>\n<meta property=\"og:title\" content=\"EWT \u2013 Zgjidhje Profesionale p\u00ebr Trajtimin e Ujit n\u00eb Shqip\u00ebri\" \/>\n<meta property=\"og:description\" content=\"Zbuloni projektet dhe referencat tona n\u00eb trajtimin e ujit n\u00eb Shqip\u00ebri. EWT ka realizuar zgjidhje profesionale p\u00ebr institucione publike, industri, hotele dhe rezidenca private me teknologji evropiane.\" \/>\n<meta property=\"og:url\" content=\"https:\/\/ewt.al\/index.php\/referenca-projekte\/\" \/>\n<meta property=\"og:site_name\" content=\"EWT\" \/>\n<meta property=\"article:modified_time\" content=\"2025-10-07T09:47:35+00:00\" \/>\n<meta name=\"twitter:card\" content=\"summary_large_image\" \/>\n<meta name=\"twitter:label1\" content=\"Est. reading time\" \/>\n\t<meta name=\"twitter:data1\" content=\"1 minut\u00eb\" \/>\n<script type=\"application\/ld+json\" class=\"yoast-schema-graph\">{\"@context\":\"https:\/\/schema.org\",\"@graph\":[{\"@type\":\"WebPage\",\"@id\":\"https:\/\/ewt.al\/index.php\/referenca-projekte\/\",\"url\":\"https:\/\/ewt.al\/index.php\/referenca-projekte\/\",\"name\":\"EWT \u2013 Zgjidhje Profesionale p\u00ebr Trajtimin e Ujit n\u00eb Shqip\u00ebri\",\"isPartOf\":{\"@id\":\"https:\/\/ewt.al\/#website\"},\"datePublished\":\"2017-02-23T11:35:15+00:00\",\"dateModified\":\"2025-10-07T09:47:35+00:00\",\"description\":\"Zbuloni projektet dhe referencat tona n\u00eb trajtimin e ujit n\u00eb Shqip\u00ebri. EWT ka realizuar zgjidhje profesionale p\u00ebr institucione publike, industri, hotele dhe rezidenca private me teknologji evropiane.\",\"breadcrumb\":{\"@id\":\"https:\/\/ewt.al\/index.php\/referenca-projekte\/#breadcrumb\"},\"inLanguage\":\"sq\",\"potentialAction\":[{\"@type\":\"ReadAction\",\"target\":[\"https:\/\/ewt.al\/index.php\/referenca-projekte\/\"]}]},{\"@type\":\"BreadcrumbList\",\"@id\":\"https:\/\/ewt.al\/index.php\/referenca-projekte\/#breadcrumb\",\"itemListElement\":[{\"@type\":\"ListItem\",\"position\":1,\"name\":\"Home\",\"item\":\"https:\/\/ewt.al\/\"},{\"@type\":\"ListItem\",\"position\":2,\"name\":\"Referenca-Projekte\"}]},{\"@type\":\"WebSite\",\"@id\":\"https:\/\/ewt.al\/#website\",\"url\":\"https:\/\/ewt.al\/\",\"name\":\"EWT\",\"description\":\"European Water Technologies\",\"potentialAction\":[{\"@type\":\"SearchAction\",\"target\":{\"@type\":\"EntryPoint\",\"urlTemplate\":\"https:\/\/ewt.al\/?s={search_term_string}\"},\"query-input\":{\"@type\":\"PropertyValueSpecification\",\"valueRequired\":true,\"valueName\":\"search_term_string\"}}],\"inLanguage\":\"sq\"}]}<\/script>\n<!-- \/ Yoast SEO plugin. -->","yoast_head_json":{"title":"EWT \u2013 Zgjidhje Profesionale p\u00ebr Trajtimin e Ujit n\u00eb Shqip\u00ebri","description":"Zbuloni projektet dhe referencat tona n\u00eb trajtimin e ujit n\u00eb Shqip\u00ebri. EWT ka realizuar zgjidhje profesionale p\u00ebr institucione publike, industri, hotele dhe rezidenca private me teknologji evropiane.","robots":{"index":"index","follow":"follow","max-snippet":"max-snippet:-1","max-image-preview":"max-image-preview:large","max-video-preview":"max-video-preview:-1"},"canonical":"https:\/\/ewt.al\/index.php\/referenca-projekte\/","og_locale":"sq_AL","og_type":"article","og_title":"EWT \u2013 Zgjidhje Profesionale p\u00ebr Trajtimin e Ujit n\u00eb Shqip\u00ebri","og_description":"Zbuloni projektet dhe referencat tona n\u00eb trajtimin e ujit n\u00eb Shqip\u00ebri. EWT ka realizuar zgjidhje profesionale p\u00ebr institucione publike, industri, hotele dhe rezidenca private me teknologji evropiane.","og_url":"https:\/\/ewt.al\/index.php\/referenca-projekte\/","og_site_name":"EWT","article_modified_time":"2025-10-07T09:47:35+00:00","twitter_card":"summary_large_image","twitter_misc":{"Est. reading time":"1 minut\u00eb"},"schema":{"@context":"https:\/\/schema.org","@graph":[{"@type":"WebPage","@id":"https:\/\/ewt.al\/index.php\/referenca-projekte\/","url":"https:\/\/ewt.al\/index.php\/referenca-projekte\/","name":"EWT \u2013 Zgjidhje Profesionale p\u00ebr Trajtimin e Ujit n\u00eb Shqip\u00ebri","isPartOf":{"@id":"https:\/\/ewt.al\/#website"},"datePublished":"2017-02-23T11:35:15+00:00","dateModified":"2025-10-07T09:47:35+00:00","description":"Zbuloni projektet dhe referencat tona n\u00eb trajtimin e ujit n\u00eb Shqip\u00ebri. EWT ka realizuar zgjidhje profesionale p\u00ebr institucione publike, industri, hotele dhe rezidenca private me teknologji evropiane.","breadcrumb":{"@id":"https:\/\/ewt.al\/index.php\/referenca-projekte\/#breadcrumb"},"inLanguage":"sq","potentialAction":[{"@type":"ReadAction","target":["https:\/\/ewt.al\/index.php\/referenca-projekte\/"]}]},{"@type":"BreadcrumbList","@id":"https:\/\/ewt.al\/index.php\/referenca-projekte\/#breadcrumb","itemListElement":[{"@type":"ListItem","position":1,"name":"Home","item":"https:\/\/ewt.al\/"},{"@type":"ListItem","position":2,"name":"Referenca-Projekte"}]},{"@type":"WebSite","@id":"https:\/\/ewt.al\/#website","url":"https:\/\/ewt.al\/","name":"EWT","description":"European Water Technologies","potentialAction":[{"@type":"SearchAction","target":{"@type":"EntryPoint","urlTemplate":"https:\/\/ewt.al\/?s={search_term_string}"},"query-input":{"@type":"PropertyValueSpecification","valueRequired":true,"valueName":"search_term_string"}}],"inLanguage":"sq"}]}},"_links":{"self":[{"href":"https:\/\/ewt.al\/index.php\/wp-json\/wp\/v2\/pages\/17","targetHints":{"allow":["GET"]}}],"collection":[{"href":"https:\/\/ewt.al\/index.php\/wp-json\/wp\/v2\/pages"}],"about":[{"href":"https:\/\/ewt.al\/index.php\/wp-json\/wp\/v2\/types\/page"}],"author":[{"embeddable":true,"href":"https:\/\/ewt.al\/index.php\/wp-json\/wp\/v2\/users\/2"}],"replies":[{"embeddable":true,"href":"https:\/\/ewt.al\/index.php\/wp-json\/wp\/v2\/comments?post=17"}],"version-history":[{"count":2,"href":"https:\/\/ewt.al\/index.php\/wp-json\/wp\/v2\/pages\/17\/revisions"}],"predecessor-version":[{"id":51,"href":"https:\/\/ewt.al\/index.php\/wp-json\/wp\/v2\/pages\/17\/revisions\/51"}],"wp:attachment":[{"href":"https:\/\/ewt.al\/index.php\/wp-json\/wp\/v2\/media?parent=17"}],"curies":[{"name":"wp","href":"https:\/\/api.w.org\/{rel}","templated":true}]}}