{"id":112,"date":"2017-02-23T16:32:22","date_gmt":"2017-02-23T16:32:22","guid":{"rendered":"http:\/\/new.ewt.al\/?page_id=112"},"modified":"2025-10-07T10:01:47","modified_gmt":"2025-10-07T10:01:47","slug":"linja-shtepiake-e-trajtimit-te-ujit","status":"publish","type":"page","link":"https:\/\/ewt.al\/index.php\/linja-shtepiake-e-trajtimit-te-ujit\/","title":{"rendered":"LINJA SHTEPIAKE E TRAJTIMIT TE UJIT"},"content":{"rendered":"<div class=\"wpb-content-wrapper\"><p>[vc_row type=&#8221;vc_default&#8221; css=&#8221;.vc_custom_1487867332068{background-color: #ffffff !important;}&#8221;][vc_column][vc_row_inner][vc_column_inner width=&#8221;1\/3&#8243;]\n<div tabindex=\"0\" id=\"interactive-banner-1-wrap-6181\" class=\"ult-banner-block ult-adjust-bottom-margin ult-bb-box  banner-style12 \"   style=\"\">\n\t<img decoding=\"async\" src=\"https:\/\/ewt.al\/wp-content\/uploads\/2017\/02\/FILTRA-300x300.png\" alt=\"null\">\n\t<div class=\"mask opaque-background\" style=\"background:rgba(255,255,255,0.53);\">\n\t\t<div  data-ultimate-target='#interactive-banner-1-wrap-6181 .bb-description'  data-responsive-json-new='{\"font-size\":\"\",\"line-height\":\"\"}'  class=\"bb-description ult-responsive\" style=\"font-weight:normal;color:#ffffff;\"><\/div>\n\t<\/div><a class=\"bb-link\" href=\"http:\/\/ewt.al\/filtra-shtepiak-uji-per-perdorime-te-ndryshme\/\" ><\/a>\n<\/div>[\/vc_column_inner][vc_column_inner width=&#8221;1\/3&#8243;]\n<div tabindex=\"0\" id=\"interactive-banner-1-wrap-2519\" class=\"ult-banner-block ult-adjust-bottom-margin ult-bb-box  banner-style12 \"   style=\"\">\n\t<img decoding=\"async\" src=\"https:\/\/ewt.al\/wp-content\/uploads\/2017\/02\/Osmosa.png\" alt=\"null\">\n\t<div class=\"mask opaque-background\" style=\"background:rgba(255,255,255,0.53);\">\n\t\t<div  data-ultimate-target='#interactive-banner-1-wrap-2519 .bb-description'  data-responsive-json-new='{\"font-size\":\"\",\"line-height\":\"\"}'  class=\"bb-description ult-responsive\" style=\"font-weight:normal;color:#ffffff;\"><\/div>\n\t<\/div><a class=\"bb-link\" href=\"http:\/\/ewt.al\/pajisjet-shtepiake-me-ozmoze-inverse\/\" ><\/a>\n<\/div>[\/vc_column_inner][vc_column_inner width=&#8221;1\/3&#8243;]\n<div tabindex=\"0\" id=\"interactive-banner-1-wrap-9188\" class=\"ult-banner-block ult-adjust-bottom-margin ult-bb-box  banner-style12 \"   style=\"\">\n\t<img decoding=\"async\" src=\"https:\/\/ewt.al\/wp-content\/uploads\/2017\/02\/PA1-300x300.png\" alt=\"null\">\n\t<div class=\"mask opaque-background\" style=\"background:rgba(255,255,255,0.53);\">\n\t\t<div  data-ultimate-target='#interactive-banner-1-wrap-9188 .bb-description'  data-responsive-json-new='{\"font-size\":\"\",\"line-height\":\"\"}'  class=\"bb-description ult-responsive\" style=\"font-weight:normal;color:#ffffff;\"><\/div>\n\t<\/div><a class=\"bb-link\" href=\"http:\/\/ewt.al\/pajisjet-shtepiake-per-dezinfektimin-e-ujit-rrezet-ultraviolet\/\" ><\/a>\n<\/div>[\/vc_column_inner][\/vc_row_inner][vc_separator][vc_row_inner][vc_column_inner width=&#8221;1\/3&#8243;]\n<div tabindex=\"0\" id=\"interactive-banner-1-wrap-6417\" class=\"ult-banner-block ult-adjust-bottom-margin ult-bb-box  banner-style12 \"   style=\"\">\n\t<img decoding=\"async\" src=\"https:\/\/ewt.al\/wp-content\/uploads\/2017\/02\/OZONII1-300x300.png\" alt=\"null\">\n\t<div class=\"mask opaque-background\" style=\"background:rgba(255,255,255,0.53);\">\n\t\t<div  data-ultimate-target='#interactive-banner-1-wrap-6417 .bb-description'  data-responsive-json-new='{\"font-size\":\"\",\"line-height\":\"\"}'  class=\"bb-description ult-responsive\" style=\"font-weight:normal;color:#ffffff;\"><\/div>\n\t<\/div><a class=\"bb-link\" href=\"http:\/\/ewt.al\/ozoni\/\" ><\/a>\n<\/div>[\/vc_column_inner][vc_column_inner width=&#8221;1\/3&#8243;]\n<div tabindex=\"0\" id=\"interactive-banner-1-wrap-3690\" class=\"ult-banner-block ult-adjust-bottom-margin ult-bb-box  banner-style12 \"   style=\"\">\n\t<img decoding=\"async\" src=\"https:\/\/ewt.al\/wp-content\/uploads\/2017\/02\/SANITIZER1-300x300.png\" alt=\"null\">\n\t<div class=\"mask opaque-background\" style=\"background:rgba(255,255,255,0.53);\">\n\t\t<div  data-ultimate-target='#interactive-banner-1-wrap-3690 .bb-description'  data-responsive-json-new='{\"font-size\":\"\",\"line-height\":\"\"}'  class=\"bb-description ult-responsive\" style=\"font-weight:normal;color:#ffffff;\"><\/div>\n\t<\/div><a class=\"bb-link\" href=\"http:\/\/ewt.al\/njesia-sanitizer-per-heqjen-e-hekurit-me-crystal-right-2\/\" ><\/a>\n<\/div>[\/vc_column_inner][vc_column_inner width=&#8221;1\/3&#8243;]\n<div tabindex=\"0\" id=\"interactive-banner-1-wrap-6616\" class=\"ult-banner-block ult-adjust-bottom-margin ult-bb-box  banner-style12 \"   style=\"\">\n\t<img decoding=\"async\" src=\"https:\/\/ewt.al\/wp-content\/uploads\/2017\/02\/Zbutes-shtepiak1-300x300.png\" alt=\"null\">\n\t<div class=\"mask opaque-background\" style=\"background:rgba(255,255,255,0.53);\">\n\t\t<div  data-ultimate-target='#interactive-banner-1-wrap-6616 .bb-description'  data-responsive-json-new='{\"font-size\":\"\",\"line-height\":\"\"}'  class=\"bb-description ult-responsive\" style=\"font-weight:normal;color:#ffffff;\"><\/div>\n\t<\/div><a class=\"bb-link\" href=\"http:\/\/ewt.al\/zbutesat-per-perdorim-shtepiak\/\" ><\/a>\n<\/div>[\/vc_column_inner][\/vc_row_inner][\/vc_column][\/vc_row]<\/p>\n<\/div>","protected":false},"excerpt":{"rendered":"<p>[vc_row type=&#8221;vc_default&#8221; css=&#8221;.vc_custom_1487867332068{background-color: #ffffff !important;}&#8221;][vc_column][vc_row_inner][vc_column_inner width=&#8221;1\/3&#8243;][\/vc_column_inner][vc_column_inner width=&#8221;1\/3&#8243;][\/vc_column_inner][vc_column_inner width=&#8221;1\/3&#8243;][\/vc_column_inner][\/vc_row_inner][vc_separator][vc_row_inner][vc_column_inner width=&#8221;1\/3&#8243;][\/vc_column_inner][vc_column_inner width=&#8221;1\/3&#8243;][\/vc_column_inner][vc_column_inner width=&#8221;1\/3&#8243;][\/vc_column_inner][\/vc_row_inner][\/vc_column][\/vc_row]<\/p>\n","protected":false},"author":2,"featured_media":0,"parent":0,"menu_order":0,"comment_status":"closed","ping_status":"closed","template":"","meta":{"footnotes":""},"class_list":["post-112","page","type-page","status-publish","hentry","description-off"],"yoast_head":"<!-- This site is optimized with the Yoast SEO plugin v26.7 - https:\/\/yoast.com\/wordpress\/plugins\/seo\/ -->\n<title>Linja Sht\u00ebpiake e Trajtimit t\u00eb Ujit | EWT Albania<\/title>\n<meta name=\"description\" content=\"Zbuloni linj\u00ebn sht\u00ebpiake t\u00eb trajtimit t\u00eb ujit nga EWT Albania \u2013 zgjidhje inovative p\u00ebr uj\u00eb t\u00eb past\u00ebr, t\u00eb sh\u00ebndetsh\u00ebm dhe t\u00eb sigurt n\u00eb \u00e7do sht\u00ebpi. Sisteme filtrimi dhe pastrimi uji me cil\u00ebsi t\u00eb lart\u00eb.\" \/>\n<meta name=\"robots\" content=\"index, follow, max-snippet:-1, max-image-preview:large, max-video-preview:-1\" \/>\n<link rel=\"canonical\" href=\"https:\/\/ewt.al\/index.php\/linja-shtepiake-e-trajtimit-te-ujit\/\" \/>\n<meta property=\"og:locale\" content=\"sq_AL\" \/>\n<meta property=\"og:type\" content=\"article\" \/>\n<meta property=\"og:title\" content=\"Linja Sht\u00ebpiake e Trajtimit t\u00eb Ujit | EWT Albania\" \/>\n<meta property=\"og:description\" content=\"Zbuloni linj\u00ebn sht\u00ebpiake t\u00eb trajtimit t\u00eb ujit nga EWT Albania \u2013 zgjidhje inovative p\u00ebr uj\u00eb t\u00eb past\u00ebr, t\u00eb sh\u00ebndetsh\u00ebm dhe t\u00eb sigurt n\u00eb \u00e7do sht\u00ebpi. Sisteme filtrimi dhe pastrimi uji me cil\u00ebsi t\u00eb lart\u00eb.\" \/>\n<meta property=\"og:url\" content=\"https:\/\/ewt.al\/index.php\/linja-shtepiake-e-trajtimit-te-ujit\/\" \/>\n<meta property=\"og:site_name\" content=\"EWT\" \/>\n<meta property=\"article:modified_time\" content=\"2025-10-07T10:01:47+00:00\" \/>\n<meta name=\"twitter:card\" content=\"summary_large_image\" \/>\n<meta name=\"twitter:label1\" content=\"Est. reading time\" \/>\n\t<meta name=\"twitter:data1\" content=\"1 minut\u00eb\" \/>\n<script type=\"application\/ld+json\" class=\"yoast-schema-graph\">{\"@context\":\"https:\/\/schema.org\",\"@graph\":[{\"@type\":\"WebPage\",\"@id\":\"https:\/\/ewt.al\/index.php\/linja-shtepiake-e-trajtimit-te-ujit\/\",\"url\":\"https:\/\/ewt.al\/index.php\/linja-shtepiake-e-trajtimit-te-ujit\/\",\"name\":\"Linja Sht\u00ebpiake e Trajtimit t\u00eb Ujit | EWT Albania\",\"isPartOf\":{\"@id\":\"https:\/\/ewt.al\/#website\"},\"datePublished\":\"2017-02-23T16:32:22+00:00\",\"dateModified\":\"2025-10-07T10:01:47+00:00\",\"description\":\"Zbuloni linj\u00ebn sht\u00ebpiake t\u00eb trajtimit t\u00eb ujit nga EWT Albania \u2013 zgjidhje inovative p\u00ebr uj\u00eb t\u00eb past\u00ebr, t\u00eb sh\u00ebndetsh\u00ebm dhe t\u00eb sigurt n\u00eb \u00e7do sht\u00ebpi. Sisteme filtrimi dhe pastrimi uji me cil\u00ebsi t\u00eb lart\u00eb.\",\"breadcrumb\":{\"@id\":\"https:\/\/ewt.al\/index.php\/linja-shtepiake-e-trajtimit-te-ujit\/#breadcrumb\"},\"inLanguage\":\"sq\",\"potentialAction\":[{\"@type\":\"ReadAction\",\"target\":[\"https:\/\/ewt.al\/index.php\/linja-shtepiake-e-trajtimit-te-ujit\/\"]}]},{\"@type\":\"BreadcrumbList\",\"@id\":\"https:\/\/ewt.al\/index.php\/linja-shtepiake-e-trajtimit-te-ujit\/#breadcrumb\",\"itemListElement\":[{\"@type\":\"ListItem\",\"position\":1,\"name\":\"Home\",\"item\":\"https:\/\/ewt.al\/\"},{\"@type\":\"ListItem\",\"position\":2,\"name\":\"LINJA SHTEPIAKE E TRAJTIMIT TE UJIT\"}]},{\"@type\":\"WebSite\",\"@id\":\"https:\/\/ewt.al\/#website\",\"url\":\"https:\/\/ewt.al\/\",\"name\":\"EWT\",\"description\":\"European Water Technologies\",\"potentialAction\":[{\"@type\":\"SearchAction\",\"target\":{\"@type\":\"EntryPoint\",\"urlTemplate\":\"https:\/\/ewt.al\/?s={search_term_string}\"},\"query-input\":{\"@type\":\"PropertyValueSpecification\",\"valueRequired\":true,\"valueName\":\"search_term_string\"}}],\"inLanguage\":\"sq\"}]}<\/script>\n<!-- \/ Yoast SEO plugin. -->","yoast_head_json":{"title":"Linja Sht\u00ebpiake e Trajtimit t\u00eb Ujit | EWT Albania","description":"Zbuloni linj\u00ebn sht\u00ebpiake t\u00eb trajtimit t\u00eb ujit nga EWT Albania \u2013 zgjidhje inovative p\u00ebr uj\u00eb t\u00eb past\u00ebr, t\u00eb sh\u00ebndetsh\u00ebm dhe t\u00eb sigurt n\u00eb \u00e7do sht\u00ebpi. Sisteme filtrimi dhe pastrimi uji me cil\u00ebsi t\u00eb lart\u00eb.","robots":{"index":"index","follow":"follow","max-snippet":"max-snippet:-1","max-image-preview":"max-image-preview:large","max-video-preview":"max-video-preview:-1"},"canonical":"https:\/\/ewt.al\/index.php\/linja-shtepiake-e-trajtimit-te-ujit\/","og_locale":"sq_AL","og_type":"article","og_title":"Linja Sht\u00ebpiake e Trajtimit t\u00eb Ujit | EWT Albania","og_description":"Zbuloni linj\u00ebn sht\u00ebpiake t\u00eb trajtimit t\u00eb ujit nga EWT Albania \u2013 zgjidhje inovative p\u00ebr uj\u00eb t\u00eb past\u00ebr, t\u00eb sh\u00ebndetsh\u00ebm dhe t\u00eb sigurt n\u00eb \u00e7do sht\u00ebpi. Sisteme filtrimi dhe pastrimi uji me cil\u00ebsi t\u00eb lart\u00eb.","og_url":"https:\/\/ewt.al\/index.php\/linja-shtepiake-e-trajtimit-te-ujit\/","og_site_name":"EWT","article_modified_time":"2025-10-07T10:01:47+00:00","twitter_card":"summary_large_image","twitter_misc":{"Est. reading time":"1 minut\u00eb"},"schema":{"@context":"https:\/\/schema.org","@graph":[{"@type":"WebPage","@id":"https:\/\/ewt.al\/index.php\/linja-shtepiake-e-trajtimit-te-ujit\/","url":"https:\/\/ewt.al\/index.php\/linja-shtepiake-e-trajtimit-te-ujit\/","name":"Linja Sht\u00ebpiake e Trajtimit t\u00eb Ujit | EWT Albania","isPartOf":{"@id":"https:\/\/ewt.al\/#website"},"datePublished":"2017-02-23T16:32:22+00:00","dateModified":"2025-10-07T10:01:47+00:00","description":"Zbuloni linj\u00ebn sht\u00ebpiake t\u00eb trajtimit t\u00eb ujit nga EWT Albania \u2013 zgjidhje inovative p\u00ebr uj\u00eb t\u00eb past\u00ebr, t\u00eb sh\u00ebndetsh\u00ebm dhe t\u00eb sigurt n\u00eb \u00e7do sht\u00ebpi. Sisteme filtrimi dhe pastrimi uji me cil\u00ebsi t\u00eb lart\u00eb.","breadcrumb":{"@id":"https:\/\/ewt.al\/index.php\/linja-shtepiake-e-trajtimit-te-ujit\/#breadcrumb"},"inLanguage":"sq","potentialAction":[{"@type":"ReadAction","target":["https:\/\/ewt.al\/index.php\/linja-shtepiake-e-trajtimit-te-ujit\/"]}]},{"@type":"BreadcrumbList","@id":"https:\/\/ewt.al\/index.php\/linja-shtepiake-e-trajtimit-te-ujit\/#breadcrumb","itemListElement":[{"@type":"ListItem","position":1,"name":"Home","item":"https:\/\/ewt.al\/"},{"@type":"ListItem","position":2,"name":"LINJA SHTEPIAKE E TRAJTIMIT TE UJIT"}]},{"@type":"WebSite","@id":"https:\/\/ewt.al\/#website","url":"https:\/\/ewt.al\/","name":"EWT","description":"European Water Technologies","potentialAction":[{"@type":"SearchAction","target":{"@type":"EntryPoint","urlTemplate":"https:\/\/ewt.al\/?s={search_term_string}"},"query-input":{"@type":"PropertyValueSpecification","valueRequired":true,"valueName":"search_term_string"}}],"inLanguage":"sq"}]}},"_links":{"self":[{"href":"https:\/\/ewt.al\/index.php\/wp-json\/wp\/v2\/pages\/112","targetHints":{"allow":["GET"]}}],"collection":[{"href":"https:\/\/ewt.al\/index.php\/wp-json\/wp\/v2\/pages"}],"about":[{"href":"https:\/\/ewt.al\/index.php\/wp-json\/wp\/v2\/types\/page"}],"author":[{"embeddable":true,"href":"https:\/\/ewt.al\/index.php\/wp-json\/wp\/v2\/users\/2"}],"replies":[{"embeddable":true,"href":"https:\/\/ewt.al\/index.php\/wp-json\/wp\/v2\/comments?post=112"}],"version-history":[{"count":6,"href":"https:\/\/ewt.al\/index.php\/wp-json\/wp\/v2\/pages\/112\/revisions"}],"predecessor-version":[{"id":338,"href":"https:\/\/ewt.al\/index.php\/wp-json\/wp\/v2\/pages\/112\/revisions\/338"}],"wp:attachment":[{"href":"https:\/\/ewt.al\/index.php\/wp-json\/wp\/v2\/media?parent=112"}],"curies":[{"name":"wp","href":"https:\/\/api.w.org\/{rel}","templated":true}]}}